23, -5*h = 5*o - 3270. What is the hundreds digit of o?
6
Let l = 20 + -23. What is the units digit of 0 + 6 - (0 - l)?
3
Let y = -82 + 301. What is the hundreds digit of y?
2
Suppose 55*j - 19*j - 53424 = 0. What is the tens digit of j?
8
Suppose -b - 2*u + 19 = 0, -b - b + 58 = -u. Let c be (-129)/b - 2/9. Let d = -3 - c. What is the units digit of d?
2
Suppose 0 = 36*x - 39*x + 642. Let w = 9 - 1. Suppose 122 = w*b - x. What is the tens digit of b?
4
Suppose 6*a + 724 = 2*a. Let h = a - -260. What is the tens digit of h?
7
Let p(z) = z - 7. Let o be p(5). Let g(r) = 8*r**2 + 5*r - 2*r + 6*r - 7*r. What is the tens digit of g(o)?
2
Suppose 3*a - 21 = -6. Let x(d) be the first derivative of d**2/2 + 3*d + 2. What is the units digit of x(a)?
8
Let b be 1 - 3 - (-28)/4. Suppose b*c + 130 = 5*v + 370, c = -2*v + 39. Suppose a - 2*s - 3*s - c = 0, -105 = -4*a - 5*s. What is the tens digit of a?
3
Let j = 1225 - 828. What is the tens digit of j?
9
Let j(l) be the second derivative of 25*l**3/6 + 10*l. What is the tens digit of j(1)?
2
Let w = -8 - 20. Let u = -25 - w. Suppose -50 = -3*k - h, 2*h - 54 + 2 = -u*k. What is the units digit of k?
6
Let c be 11133/(-117) + (-4)/(-26). Let t = c - -151. What is the tens digit of 2 + 0 - t*-1?
5
Let q be (-9)/54 - 57/(-18). Suppose 6*n - 1107 = -q*n. What is the hundreds digit of n?
1
Suppose 0 = -37*d + 11835 + 2336. What is the tens digit of d?
8
Let r be 488/(-3)*63/(-14). Suppose 0 = 4*d + 4*y - r, -5*d + 572 + 319 = -3*y. What is the hundreds digit of d?
1
Let x = -4 - 1. Let w = x + -15. Let n = 30 + w. What is the units digit of n?
0
Let s(a) = 472*a**3 + 5*a**2 - 5*a - 4. What is the hundreds digit of s(2)?
7
Suppose 0 = -0*z - 7*z + 28. Suppose 0 = -z*l + 10 + 46. What is the units digit of l?
4
Let d be 2/8 - 513/(-12). Let q(v) = -27*v**2 + v + 2. Let b be q(-1). Let p = d + b. What is the tens digit of p?
1
Suppose 3*s - 3 = 3*r, -5*r - 8 = -3*r. Let d be 0 - (2324 + -2)/(-3). What is the tens digit of (s/(-9))/(6/d)?
4
Suppose 5*j - 2*j + 15 = 0, 4*t - 2*j = 3682. What is the hundreds digit of t?
9
Let u(b) = 2*b - 5. Let h(t) = -2*t + 6. Let a(p) = -4*h(p) - 3*u(p). Let g(f) = -f**3 + 9*f**2 - 14*f - 14. Let i be g(6). What is the tens digit of a(i)?
1
Let j(i) = -2*i + 26. Let y be j(11). Suppose -y*n + 41 + 35 = 0. Suppose -5*a + 26 + n = 0. What is the units digit of a?
9
Let q(v) = -v + 18. Let d(a) be the first derivative of -3*a**2 + 90*a + 5. Let k(b) = 4*d(b) - 21*q(b). What is the units digit of k(-9)?
9
Suppose 0 = -c - 5 + 2, -12 = -3*t + 4*c. Suppose 0 = -t*a + 5*a - 5. What is the units digit of a/(-2)*(-4 + 0)?
2
Suppose 4*d - 147 = 101. What is the tens digit of 0*1/(-5) + d?
6
Suppose 99 - 741 = 6*f. Let q = f - -152. What is the units digit of q?
5
What is the tens digit of ((-165)/(-22))/15 - (-2079)/2?
4
Let b = 1196 + -631. What is the units digit of b?
5
Let a be ((-8)/10)/(10/(-50)). Suppose -a*m + 152 + 64 = 0. Let j = 5 + m. What is the units digit of j?
9
Let d(o) be the first derivative of -2*o**2 + 54*o - 18. What is the units digit of d(-18)?
6
Let p(i) = 27*i**3 - i**2 + i - 4. Let z be (-2 - -3)*56/8. Let m(j) = -55*j**3 + 2*j**2 - 2*j + 9. Let n(c) = z*p(c) + 3*m(c). What is the units digit of n(1)?
3
Let m = -10 + 9. Let b be 0 + (m - -123) + -2. Suppose -2*x = -4*x, b = 4*v + 2*x. What is the tens digit of v?
3
Let t = -18 + 130. Suppose 0 = -2*m + 3*u + 126, -2*m + 0*m - 4*u + t = 0. What is the tens digit of m?
6
Suppose 48*c - 53685 + 7557 = 0. What is the tens digit of c?
6
Let y(n) = -n**2 + 12*n - 11. Let m = -17 - -22. Suppose -3*u + m*u = 20. What is the units digit of y(u)?
9
Let t = -44 - -31. Let b = -10 - t. Suppose 4*p = b*p + 30. What is the tens digit of p?
3
Suppose 18 - 208 = -5*o. Suppose 3*f - 320 = -o. What is the units digit of f?
4
Suppose -5*i + 5*p + 315 = 0, -11*p = 5*i - 14*p - 317. What is the units digit of i?
4
Let a(r) = -17*r + 115. What is the hundreds digit of a(0)?
1
Suppose 0 = 3*g + 4*q - 1049, -5*q = g - q - 339. What is the hundreds digit of g?
3
Let m = 2435 + -331. What is the units digit of m?
4
Let h(j) = j**3 + 7*j**2 + 5*j + 1. Let q be h(-6). Let g(y) = -17*y**3 - 3*y + 9*y**3 - 6*y**2 + 9*y**3 - 2. What is the units digit of g(q)?
6
Suppose 0 = -346*u + 356*u - 35080. What is the tens digit of u?
0
Let z(k) = 2*k**2 - 3*k - 3. Let f be z(-1). Suppose b - 4*q - 684 = -3*b, -f*q = 2*b - 362. What is the tens digit of b?
7
Suppose 0*j - 403 = 2*g - 3*j, 597 = -3*g + 2*j. Let v = 463 + g. Suppose -4*d - 3*b + 314 = 86, -5*d + b = -v. What is the units digit of d?
4
Let v be (-8)/(-12)*813/2. Suppose -5*d + 29 + v = 0. What is the units digit of d?
0
Suppose -19*l - 5747 = -26*l. What is the units digit of l?
1
Let k = -14 + 16. Suppose -j = 5, z - k = j + 3. What is the units digit of 1 - (z - (28 + 3))?
2
Let z = -14 - 76. Let r = z + 174. What is the units digit of r?
4
What is the units digit of 974/4*(-19)/((-171)/36)?
4
Let o = 46 - 332. Let h be o/(-8) + 1/4. Suppose 5*k + 3*d = h, -5*k + 5 = 5*d - 35. What is the units digit of k?
6
Let q(i) = 7*i**2 + 4*i + 5. Let j be q(-3). Suppose -j - 24 = -5*y. What is the tens digit of y?
1
Suppose -2*l + l - 2*u - 6 = 0, 2*l - 5*u + 12 = 0. What is the units digit of 315*(54/(-15))/l?
9
Suppose 0 = -4*g + 189 + 1027. Let p = g + -121. What is the tens digit of p?
8
Let b(l) = -291*l + 96. What is the hundreds digit of b(-2)?
6
Suppose 0 = 3*s - 8*s - k + 591, -135 = -s + 4*k. What is the hundreds digit of s?
1
Let q(w) = w**3 - 5*w**2 - w + 8. Let x be q(5). Let f be (x/4)/((-45)/(-120)). What is the tens digit of 77 - 4 - 4 - f?
6
What is the units digit of 3/6 - (-3195)/10?
0
Suppose 2*k = 2*f + 2*f - 1326, -3*k = -2*f + 669. Suppose -5*m = -2*m - 4*g - 914, m - f = -5*g. What is the hundreds digit of m?
3
Let y = -3 + 77. Let x = y + -33. Suppose 5*g - 151 + x = 0. What is the units digit of g?
2
Suppose -3742 = -3*h - y, 2*y = 3*h - 7*h + 4986. What is the tens digit of h?
4
Let t be (7 + -22)*4/(-3). Let o be (18/24)/(1/t). Suppose -x - 2*x + 18 = 2*c, 0 = -5*c + o. What is the units digit of x?
4
Let f = -1 + 5. Let d = -61 + 61. Suppose -a + f*a - 33 = d. What is the tens digit of a?
1
Let q = -19 + 1061. What is the thousands digit of q?
1
Suppose -3*c - 3*c = 0. Suppose 4*x + 2*x - 564 = c. Suppose 2*p = 2 + 6, -2*i - 5*p + x = 0. What is the tens digit of i?
3
Suppose 3*s + 2 = 8. Suppose -96 = -0*t - s*t. What is the tens digit of t?
4
Let v = -18 + 23. Suppose -v*z + 131 = 16. Suppose -z = p - y - 78, 210 = 4*p - 2*y. What is the tens digit of p?
5
Suppose -3*s - 3*s + 264 = 0. What is the units digit of (s + 10)*3/2?
1
Let s(u) = -u**2 - 4*u - 9. Let q be s(-10). Let j = 21 - q. What is the units digit of j?
0
Let i(u) = -10*u**2 - 7*u + 24. Let p(l) = -7*l**2 - 5*l + 16. Let h(r) = -5*i(r) + 7*p(r). Let q be (4/(-6))/((-4)/30). What is the tens digit of h(q)?
1
Let a(d) = -d**3 + 7*d**2 - 7*d + 9. Let l be a(6). Suppose 8 = -2*j, -l*j + 4*j = -4*v + 60. Let b = v + -4. What is the units digit of b?
2
Let f(u) = u + 4 - 12 + u. Let w be ((-88)/(-40))/(2/10). What is the tens digit of f(w)?
1
Let z = 343 + -228. What is the hundreds digit of z?
1
Let h = -6 + 5. Let a be -4 - (h - (4 + -4)). What is the tens digit of (0 + a)/(39/(-442))?
3
Let q(t) be the third derivative of -5*t**4/24 - 5*t**3/2 + 7*t**2. Let b be q(-7). Let d = 43 - b. What is the units digit of d?
3
Suppose 9*h = 10*h - 5283. What is the units digit of h?
3
Suppose 96*l - 20296 = 88*l. What is the hundreds digit of l?
5
Let f = 7 + -20. Let p = -619 - -634. Let q = p - f. What is the units digit of q?
8
Let w(r) be the second derivative of 33*r**5/20 + r**3/3 - r**2/2 - 6*r. What is the units digit of w(1)?
4
Suppose h = -3, -5*g - h + 168 + 424 = 0. What is the tens digit of g?
1
Let h(z) = 103*z - 359. What is the tens digit of h(12)?
7
What is the tens digit of (-4 + -103)*(-4)/(16/12)?
2
Suppose 5*d - 264 = 1606. What is the units digit of d?
4
Suppose -m + 1 - 4 = 0. Let p(i) = -i**3 - 3*i**2 - 3*i + 2. What is the tens digit of p(m)?
1
Let l(v) = -140*v - 239. What is the tens digit of l(-6)?
0
Suppose -i - 385 = -z + i, 0 = -2*z - 3*i + 742. Suppose 3*l - z = -35. What is the 